13779?
7
What is the tens digit of 28556?
5
What is the thousands digit of 2921?
2
What is the hundreds digit of 32078?
0
What is the thousands digit of 9192?
9
What is the ten thousands digit of 92254?
9
What is the units digit of 62?
2
What is the units digit of 3761?
1
What is the hundreds digit of 1775?
7
What is the ten thousands digit of 57621?
5
What is the thousands digit of 71947?
1
What is the hundreds digit of 1853?
8
What is the tens digit of 807?
0
What is the tens digit of 13?
1
What is the ten thousands digit of 11864?
1
What is the units digit of 354?
4
What is the ten thousands digit of 22281?
2
What is the units digit of 6601?
1
What is the tens digit of 478?
7
What is the hundreds digit of 3064?
0
What is the units digit of 5527?
7
What is the units digit of 1963?
3
What is the tens digit of 3706?
0
What is the units digit of 14297?
7
What is the units digit of 305?
5
What is the tens digit of 13348?
4
What is the tens digit of 1660?
6
What is the units digit of 1575?
5
What is the hundreds digit of 3984?
9
What is the units digit of 26766?
6
What is the hundreds digit of 1935?
9
What is the thousands digit of 7335?
7
What is the units digit of 25168?
8
What is the ten thousands digit of 23383?
2
What is the ten thousands digit of 29632?
2
What is the hundreds digit of 14904?
9
What is the hundreds digit of 1770?
7
What is the hundreds digit of 8166?
1
What is the units digit of 9523?
3
What is the units digit of 233?
3
What is the hundreds digit of 44095?
0
What is the units digit of 2382?
2
What is the units digit of 669?
9
What is the hundreds digit of 46512?
5
What is the units digit of 114130?
0
What is the ten thousands digit of 75424?
7
What is the tens digit of 29922?
2
What is the tens digit of 3136?
3
What is the hundreds digit of 6643?
6
What is the thousands digit of 6699?
6
What is the hundreds digit of 1204?
2
What is the units digit of 1784?
4
What is the hundreds digit of 7743?
7
What is the units digit of 7?
7
What is the hundreds digit of 12772?
7
What is the ten thousands digit of 69230?
6
What is the hundreds digit of 7225?
2
What is the tens digit of 13908?
0
What is the hundreds digit of 3256?
2
What is the tens digit of 43905?
0
What is the hundreds digit of 3522?
5
What is the hundreds digit of 4899?
8
What is the thousands digit of 20905?
0
What is the thousands digit of 11886?
1
What is the tens digit of 806?
0
What is the units digit of 6535?
5
What is the hundreds digit of 2041?
0
What is the thousands digit of 5387?
5
What is the tens digit of 1405?
0
What is the hundreds digit of 36361?
3
What is the thousands digit of 4102?
4
What is the units digit of 27?
7
What is the units digit of 180?
0
What is the tens digit of 7497?
9
What is the units digit of 1630?
0
What is the tens digit of 8420?
2
What is the tens digit of 6416?
1
What is the units digit of 1059?
9
What is the hundreds digit of 110217?
2
What is the tens digit of 272?
7
What is the tens digit of 3220?
2
What is the hundreds digit of 155?
1
What is the tens digit of 204?
0
What is the hundreds digit of 27058?
0
What is the units digit of 7496?
6
What is the tens digit of 262?
6
What is the ten thousands digit of 11442?
1
What is the thousands digit of 35083?
5
What is the hundreds digit of 2380?
3
What is the thousands digit of 87142?
7
What is the units digit of 54?
4
What is the thousands digit of 61992?
1
What is the tens digit of 3344?
4
What is the units digit of 74764?
4
What is the thousands digit of 3366?
3
What is the units digit of 317?
7
What is the ten thousands digit of 31328?
3
What is the tens digit of 68940?
4
What is the hundreds digit of 1328?
3
What is the thousands digit of 1657?
1
What is the tens digit of 16656?
5
What is the units digit of 7963?
3
What is the hundreds digit of 6052?
0
What is the units digit of 12624?
4
What is the units digit of 5745?
5
What is the tens digit of 181?
8
What is the units digit of 24225?
5
What is the units digit of 228?
8
What is the tens digit of 1800?
0
What is the hundreds digit of 1192?
1
What is the thousands digit of 1113?
1
What is the units digit of 2051?
1
What is the units digit of 6270?
0
What is the thousands digit of 2028?
2
What is the units digit of 1724?
4
What is the units digit of 14685?
5
What is the tens digit of 899?
9
What is the tens digit of 15117?
1
What is the tens digit of 44068?
6
What is the hundreds digit of 9110?
1
What is the ten thousands digit of 34020?
3
What is the units digit of 775?
5
What is the units digit of 9987?
7
What is the hundreds digit of 9325?
3
What is the hundreds digit of 65185?
1
What is the units digit of 58929?
9
What is the ten thousands digit of 21983?
2
What is the hundreds digit of 3096?
0
What is the units digit of 15764?
4
What is the tens digit of 3487?
8
What is the units digit of 116692?
2
What is the units digit of 1791?
1
What is the tens digit of 23?
2
What is the units digit of 1999?
9
What is the hundreds digit of 606?
6
What is the units digit of 33171?
1
What is the thousands digit of 34947?
4
What is the units digit of 5251?
1
What is the units digit of 1839?
9
What is the tens digit of 28375?
7
What is the units digit of 12325?
5
What is the hundreds digit of 28902?
9
What is the tens digit of 30748?
4
What is the units digit of 92?
2
What is the ten thousands digit of 51572?
5
What is the hundreds digit of 52012?
0
What is the units digit of 13522?
2
What is the units digit of 25421?
1
What is the hundreds digit of 772?
7
What is the ten thousands digit of 45900?
4
What is the thousands digit of 23689?
3
What is the tens digit of 62195?
9
What is the hundreds digit of 1084?
0
What is the tens digit of 14824?
2
What is the hundreds digit of 250?
2
What is the ten thousands digit of 27684?
2
What is the units digit of 501?
1
What is the tens digit of 459?
5
What is the thousands digit of 3868?
3
What is the units digit of 1385?
5
What is the tens digit of 99448?
4
What is the tens digit of 3687?
8
What is the thousands digit of 1657?
1
What is the tens digit of 246?
4
What is the hundreds digit of 322?
3
What is the thousands digit of 42610?
2
What is the tens digit of 81980?
8
What is the thousands digit of 32453?
2
What is the units digit of 736?
6
What is the hundreds digit of 52280?
2
What is the tens digit of 1110?
1
What is the tens digit of 9395?
9
What is the hundreds digit of 3487?
4
What is the hundreds digit of 915?
9
What is the hundreds digit of 5208?
2
What is the thousands digit of 49296?
9
What is the units digit of 8421?
1
What is the hundreds digit of 5052?
0
What is the units digit of 953?
3
What is the tens digit of 2845?
4
What is the hundreds digit of 17241?
2
What is the units digit of 229?
9
What is the units digit of 22304?
4
What is the units digit of 117260?
0
What is the ten thousands digit of 19405?
1
What is the hundreds digit of 71410?
4
What is the hundreds digit of 1364?
3
What is the thousands digit of 1561?
1
What is the units digit of 16389?
9
What is the tens digit of 3573?
7
What is the units digit of 74585?
5
What is the tens digit of 7094?
9
What is the units digit of 1027?
7
What is the units digit of 27144?
4
What is the thousands digit of 1686?
1
What is the units digit of 106714?
4
What is the hundreds digit of 51506?
5
What is the units digit of 9209?
9
What is the thousands digit of 1185?
1
What is the hundreds digit of 2880?
8
What is the hundreds digit of 2500?
5
What is the thousands digit of 1693?
1
What is the hundreds digit of 1028?
0
What is the tens digit of 6172?
7
What is the thousands digit of 7346?
7
What is the hundreds digit of 543?
5
What is the units digit of 2109?
9
What is the units digit of 8335?
5
What is the units digit of 5346?
6
What is the tens digit of 185?
8
What is the hundreds digit of 117901?
9
What is the thousands digit of 7973?
7
What is the ten thousands digit of 73637?
7
What is the hundreds digit of 5747?
7
What is the hundreds digit of 496?
4
What is the tens digit of 122106?
0
What is the ten thousands digit of 13241?
1
What is the tens digit of 1901?
0
What is the hundreds digit of 13845?
8
What is the hundreds digit of 3320?
3
What is the thousands digit of 45142?
5
What is the tens digit of 1000?
0
What is the units d